{"id":26453,"date":"2019-11-25T07:46:28","date_gmt":"2019-11-25T06:46:28","guid":{"rendered":"https:\/\/www.mykoplan.ch\/?page_id=26453"},"modified":"2024-08-07T08:54:48","modified_gmt":"2024-08-07T06:54:48","slug":"faq-foire-aux-questions","status":"publish","type":"page","link":"https:\/\/www.mykoplan.ch\/fr\/faq-foire-aux-questions\/","title":{"rendered":"FAQ &#8211; Foire aux questions"},"content":{"rendered":"\n<div class=\"wp-block-coblocks-accordion\">\n<div class=\"wp-block-coblocks-accordion-item\"><details open><summary class=\"wp-block-coblocks-accordion-item__title\"><strong>Que signifie \u00abbio\u00bb ou \u00abproduit selon les normes biologiques\u00bb pour ces champignons vitaux ?<\/strong><\/summary><div class=\"wp-block-coblocks-accordion-item__content\">\n<p><strong>La qualit\u00e9 biologique garantit une approche globale respectueuse de la nature.<\/strong><\/p>\n\n\n\n<p>Une entreprise qui produit selon les directives biologiques ne peut s\u2019en pr\u00e9valoir et qualifier ses produits de \u00abbio\u00bb que si elle s\u2019est soumise \u00e0 une proc\u00e9dure de contr\u00f4le et de certification. Cela garantit que l\u2019exploitation respecte au minimum les directives biologiques nationales respectives.<\/p>\n\n\n\n<p>En Suisse, celles-ci sont d\u00e9finies dans l\u2019ordonnance sur l\u2019agriculture biologique. <strong>L\u2019agriculture biologique renonce syst\u00e9matiquement \u00e0 l\u2019utilisation de fongicides, de pesticides et d\u2019engrais chimiques de synth\u00e8se.<\/strong><\/p>\n<\/div><\/details><\/div>\n\n\n\n<div class=\"wp-block-coblocks-accordion-item\"><details><summary class=\"wp-block-coblocks-accordion-item__title\"><strong>En quoi l\u2019agriculture biologique est-elle importante ?<\/strong><\/summary><div class=\"wp-block-coblocks-accordion-item__content\">\n<p>Les champignons absorbent les m\u00e9taux lourds, les pesticides et la radioactivit\u00e9 de leur environnement et les accumulent. Ces substances polluent l\u2019environnement et notre organisme.<\/p>\n\n\n\n<p>Dans les entreprises certifi\u00e9es bio, la priorit\u00e9 est de travailler en harmonie avec la nature. Le respect de l\u2019environnement et la durabilit\u00e9 sont syst\u00e9matiquement pris en compte dans tous les domaines de la production. <strong>En cons\u00e9quence, les produits sont nettement moins expos\u00e9s \u00e0 la pollution.<\/strong><\/p>\n\n\n\n<p><strong>\u00c9tude :<\/strong>&nbsp;\u00c9tude des concentrations de m\u00e9taux lourds dans les champignons comestibles sauvages de la province du Yunnan, Chine. Chimie alimentaire, vol. 188, 1er d\u00e9cembre 2015, 294-300.<\/p>\n<\/div><\/details><\/div>\n\n\n\n<div class=\"wp-block-coblocks-accordion-item\"><details><summary class=\"wp-block-coblocks-accordion-item__title\"><strong>Tous les fournisseurs de champignons vitaux ne font-ils pas des analyses d\u2019ADN ?<\/strong><\/summary><div class=\"wp-block-coblocks-accordion-item__content\">\n<p>La loi n\u2019exige pas encore d\u2019analyse ADN. Si une analyse ADN a \u00e9t\u00e9 effectu\u00e9e, cela montre le s\u00e9rieux d\u2019une entreprise. <strong>Vous pouvez \u00eatre s\u00fbr que le fabricant a utilis\u00e9 exclusivement des souches authentiques et originales de champignons<\/strong> et non des d\u00e9riv\u00e9s des souches originales.<\/p>\n<\/div><\/details><\/div>\n\n\n\n<div class=\"wp-block-coblocks-accordion-item\"><details><summary class=\"wp-block-coblocks-accordion-item__title\"><strong>Des critiques sont \u00e9galement \u00e9mises sur le fait que les produits de la g\u00e9n\u00e9ration la plus avanc\u00e9e sont de mauvaise qualit\u00e9. Est-ce vrai ?<\/strong><\/summary><div class=\"wp-block-coblocks-accordion-item__content\">\n<p>Cela peut \u00eatre le cas avec des producteurs peu scrupuleux. <strong>Cependant, l\u2019objectif de la culture moderne est d\u2019optimiser la qualit\u00e9 et la disponibilit\u00e9 de ces champignons vitaux.<\/strong> Une production professionnelle et minutieuse certifi\u00e9e bio garantit la qualit\u00e9 irr\u00e9prochable et la qualit\u00e9 \u00e9cologique des produits.<\/p>\n\n\n\n<p>Qu\u2019il s\u2019agisse d\u2019un produit de la g\u00e9n\u00e9ration la plus avanc\u00e9e ou d\u2019une fructification produite de mani\u00e8re agricole, c\u2019est avant tout le s\u00e9rieux du fournisseur qui fait la diff\u00e9rence.<\/p>\n\n\n\n<p>En cas de doute, <strong>nous vous recommandons de vous r\u00e9f\u00e9rer au label de certification biologique ou de demander un certificat d\u2019analyse.<\/strong><\/p>\n<\/div><\/details><\/div>\n\n\n\n<div class=\"wp-block-coblocks-accordion-item\"><details><summary class=\"wp-block-coblocks-accordion-item__title\"><strong>Pourquoi les produits Mykoplan\u00ae sont-ils en verre ?<\/strong><\/summary><div class=\"wp-block-coblocks-accordion-item__content\">\n<p>Le verre sp\u00e9cial anti-UV pr\u00e9serve la qualit\u00e9 de nos champignons vitaux. Il est recyclable et contribue \u00e0 la protection de l\u2019environnement.<\/p>\n<\/div><\/details><\/div>\n\n\n\n<div class=\"wp-block-coblocks-accordion-item\"><details><summary class=\"wp-block-coblocks-accordion-item__title\"><strong>Pourquoi la poudre de champignons n\u2019est-elle pas toujours de la m\u00eame couleur ?<\/strong><\/summary><div class=\"wp-block-coblocks-accordion-item__content\">\n<p>La couleur de la poudre de champignons peut \u00eatre l\u00e9g\u00e8rement plus fonc\u00e9e ou plus claire en fonction de la production. C\u2019est tout \u00e0 fait normal pour un produit naturel et il peut \u00eatre consomm\u00e9 sans crainte. Chez Mykoplan\u00ae, tous les champignons sont cultiv\u00e9s scientifiquement selon des normes pharmacologiques cGMP strictes. Chaque processus de travail est d\u00e9fini avec pr\u00e9cision et fait l\u2019objet de contr\u00f4les constants. Nous n\u2019utilisons pas de champignons vitaux provenant de l\u2019agriculture, de Chine ou de pays en voie de d\u00e9veloppement.<\/p>\n<\/div><\/details><\/div>\n\n\n\n<div class=\"wp-block-coblocks-accordion-item\"><details><summary class=\"wp-block-coblocks-accordion-item__title\"><strong>Pourquoi la poudre de champignons a-t-elle parfois une odeur rance ?<\/strong><\/summary><div class=\"wp-block-coblocks-accordion-item__content\">\n<p>Selon la r\u00e9colte et le champignon vital, la poudre de champignons peut avoir une odeur un peu particuli\u00e8re, l\u00e9g\u00e8rement huileuse. Celle-ci se produit lors de la culture et est totalement inoffensive, le produit peut \u00eatre consomm\u00e9 sans restriction. Chez Mykoplan\u00ae, tous les champignons sont cultiv\u00e9s scientifiquement selon des normes pharmacologiques cGMP strictes. Chaque processus de travail est d\u00e9fini avec pr\u00e9cision et fait l\u2019objet de contr\u00f4les constants. Nous n\u2019utilisons pas de champignons vitaux provenant de l\u2019agriculture, de Chine ou de pays en voie de d\u00e9veloppement.<\/p>\n<\/div><\/details><\/div>\n<\/div>\n\n\n\n<h2 class=\"wp-block-heading\">Vous avez d\u2019autres questions\u00a0?<\/h2>\n\n\n\n<p>Si vous avez d\u2019autres questions sur nos produits, n\u2019h\u00e9sitez pas <a href=\"https:\/\/www.mykoplan.ch\/fr\/contact\/\" data-type=\"page\" data-id=\"26406\">\u00e0 nous contacter<\/a>. Nous serons heureux de vous aider.<\/p>\n","protected":false},"excerpt":{"rendered":"<p>Vous avez d\u2019autres questions\u00a0? Si vous avez d\u2019autres questions sur nos produits, n\u2019h\u00e9sitez pas \u00e0 nous contacter. Nous serons heureux de vous aider.<\/p>\n","protected":false},"author":240,"featured_media":0,"parent":0,"menu_order":0,"comment_status":"closed","ping_status":"closed","template":"","meta":{"_coblocks_attr":"","_coblocks_dimensions":"","_coblocks_responsive_height":"","_coblocks_accordion_ie_support":"","footnotes":""},"class_list":["post-26453","page","type-page","status-publish"],"_links":{"self":[{"href":"https:\/\/www.mykoplan.ch\/fr\/wp-json\/wp\/v2\/pages\/26453","targetHints":{"allow":["GET"]}}],"collection":[{"href":"https:\/\/www.mykoplan.ch\/fr\/wp-json\/wp\/v2\/pages"}],"about":[{"href":"https:\/\/www.mykoplan.ch\/fr\/wp-json\/wp\/v2\/types\/page"}],"author":[{"embeddable":true,"href":"https:\/\/www.mykoplan.ch\/fr\/wp-json\/wp\/v2\/users\/240"}],"replies":[{"embeddable":true,"href":"https:\/\/www.mykoplan.ch\/fr\/wp-json\/wp\/v2\/comments?post=26453"}],"version-history":[{"count":2,"href":"https:\/\/www.mykoplan.ch\/fr\/wp-json\/wp\/v2\/pages\/26453\/revisions"}],"predecessor-version":[{"id":27242,"href":"https:\/\/www.mykoplan.ch\/fr\/wp-json\/wp\/v2\/pages\/26453\/revisions\/27242"}],"wp:attachment":[{"href":"https:\/\/www.mykoplan.ch\/fr\/wp-json\/wp\/v2\/media?parent=26453"}],"curies":[{"name":"wp","href":"https:\/\/api.w.org\/{rel}","templated":true}]}}

<div class="wp-block-coblocks-accordion">
<div class="wp-block-coblocks-accordion-item"><details open><summary class="wp-block-coblocks-accordion-item__title"><strong>Que signifie «bio» ou «produit selon les normes biologiques» pour ces champignons vitaux ?</strong></summary><div class="wp-block-coblocks-accordion-item__content">
<p><strong>La qualité biologique garantit une approche globale respectueuse de la nature.</strong></p>



<p>Une entreprise qui produit selon les directives biologiques ne peut s’en prévaloir et qualifier ses produits de «bio» que si elle s’est soumise à une procédure de contrôle et de certification. Cela garantit que l’exploitation respecte au minimum les directives biologiques nationales respectives.</p>



<p>En Suisse, celles-ci sont définies dans l’ordonnance sur l’agriculture biologique. <strong>L’agriculture biologique renonce systématiquement à l’utilisation de fongicides, de pesticides et d’engrais chimiques de synthèse.</strong></p>
</div></details></div>



<div class="wp-block-coblocks-accordion-item"><details><summary class="wp-block-coblocks-accordion-item__title"><strong>En quoi l’agriculture biologique est-elle importante ?</strong></summary><div class="wp-block-coblocks-accordion-item__content">
<p>Les champignons absorbent les métaux lourds, les pesticides et la radioactivité de leur environnement et les accumulent. Ces substances polluent l’environnement et notre organisme.</p>



<p>Dans les entreprises certifiées bio, la priorité est de travailler en harmonie avec la nature. Le respect de l’environnement et la durabilité sont systématiquement pris en compte dans tous les domaines de la production. <strong>En conséquence, les produits sont nettement moins exposés à la pollution.</strong></p>



<p><strong>Étude :</strong>&nbsp;Étude des concentrations de métaux lourds dans les champignons comestibles sauvages de la province du Yunnan, Chine. Chimie alimentaire, vol. 188, 1er décembre 2015, 294-300.</p>
</div></details></div>



<div class="wp-block-coblocks-accordion-item"><details><summary class="wp-block-coblocks-accordion-item__title"><strong>Tous les fournisseurs de champignons vitaux ne font-ils pas des analyses d’ADN ?</strong></summary><div class="wp-block-coblocks-accordion-item__content">
<p>La loi n’exige pas encore d’analyse ADN. Si une analyse ADN a été effectuée, cela montre le sérieux d’une entreprise. <strong>Vous pouvez être sûr que le fabricant a utilisé exclusivement des souches authentiques et originales de champignons</strong> et non des dérivés des souches originales.</p>
</div></details></div>



<div class="wp-block-coblocks-accordion-item"><details><summary class="wp-block-coblocks-accordion-item__title"><strong>Des critiques sont également émises sur le fait que les produits de la génération la plus avancée sont de mauvaise qualité. Est-ce vrai ?</strong></summary><div class="wp-block-coblocks-accordion-item__content">
<p>Cela peut être le cas avec des producteurs peu scrupuleux. <strong>Cependant, l’objectif de la culture moderne est d’optimiser la qualité et la disponibilité de ces champignons vitaux.</strong> Une production professionnelle et minutieuse certifiée bio garantit la qualité irréprochable et la qualité écologique des produits.</p>



<p>Qu’il s’agisse d’un produit de la génération la plus avancée ou d’une fructification produite de manière agricole, c’est avant tout le sérieux du fournisseur qui fait la différence.</p>



<p>En cas de doute, <strong>nous vous recommandons de vous référer au label de certification biologique ou de demander un certificat d’analyse.</strong></p>
</div></details></div>



<div class="wp-block-coblocks-accordion-item"><details><summary class="wp-block-coblocks-accordion-item__title"><strong>Pourquoi les produits Mykoplan® sont-ils en verre ?</strong></summary><div class="wp-block-coblocks-accordion-item__content">
<p>Le verre spécial anti-UV préserve la qualité de nos champignons vitaux. Il est recyclable et contribue à la protection de l’environnement.</p>
</div></details></div>



<div class="wp-block-coblocks-accordion-item"><details><summary class="wp-block-coblocks-accordion-item__title"><strong>Pourquoi la poudre de champignons n’est-elle pas toujours de la même couleur ?</strong></summary><div class="wp-block-coblocks-accordion-item__content">
<p>La couleur de la poudre de champignons peut être légèrement plus foncée ou plus claire en fonction de la production. C’est tout à fait normal pour un produit naturel et il peut être consommé sans crainte. Chez Mykoplan®, tous les champignons sont cultivés scientifiquement selon des normes pharmacologiques cGMP strictes. Chaque processus de travail est défini avec précision et fait l’objet de contrôles constants. Nous n’utilisons pas de champignons vitaux provenant de l’agriculture, de Chine ou de pays en voie de développement.</p>
</div></details></div>



<div class="wp-block-coblocks-accordion-item"><details><summary class="wp-block-coblocks-accordion-item__title"><strong>Pourquoi la poudre de champignons a-t-elle parfois une odeur rance ?</strong></summary><div class="wp-block-coblocks-accordion-item__content">
<p>Selon la récolte et le champignon vital, la poudre de champignons peut avoir une odeur un peu particulière, légèrement huileuse. Celle-ci se produit lors de la culture et est totalement inoffensive, le produit peut être consommé sans restriction. Chez Mykoplan®, tous les champignons sont cultivés scientifiquement selon des normes pharmacologiques cGMP strictes. Chaque processus de travail est défini avec précision et fait l’objet de contrôles constants. Nous n’utilisons pas de champignons vitaux provenant de l’agriculture, de Chine ou de pays en voie de développement.</p>
</div></details></div>
</div>



<h2 class="wp-block-heading">Vous avez d’autres questions ?</h2>



<p>Si vous avez d’autres questions sur nos produits, n’hésitez pas <a href="https://www.mykoplan.ch/fr/contact/" data-type="page" data-id="26406">à nous contacter</a>. Nous serons heureux de vous aider.</p>

<p>Vous avez d’autres questions ? Si vous avez d’autres questions sur nos produits, n’hésitez pas à nous contacter. Nous serons heureux de vous aider.</p>
